. What is the tens digit of r?
1
Let n = 13 + -43. Let g be 2*83*(3 - (-30)/(-12)). Let b = n + g. What is the tens digit of b?
5
Let u(r) = 2*r**3 + r**2 - r. Let t be u(2). Suppose -t = i - 5*l, -2*l - 3 + 11 = 0. What is the tens digit of 39/i - 10/20?
1
Let u be (0 - -2) + -2 - -3. Let p be -2*(-1)/(-3)*u. Let h(y) = 3*y**2 + 3*y + 3. What is the units digit of h(p)?
9
Suppose -3*z + 6*a + 231 = 3*a, 229 = 3*z - a. Suppose 0 = -d + 5*d - z. Suppose -2*o + d = -27. What is the tens digit of o?
2
Let y be 0 + 3/((-3)/(-11)). Let r = 16 - y. Suppose 2*b - 10 = -s, r*s + 3 = -17. What is the units digit of b?
7
What is the hundreds digit of (3*(-4)/24)/((-2)/18420)?
6
Suppose 0 = -3*j + 4*j - 2. Let l be (-4 - -4)*(-2)/j. Suppose -u = 3*n - 6*n - 29, -u - 3*n + 11 = l. What is the tens digit of u?
2
Let k(a) = 40*a**2 + 10*a + 1. What is the tens digit of k(-3)?
3
Suppose -5*a - r + 30 = 0, 0*r - 5 = -3*a + 2*r. Suppose 3*n + 30 = l, a*n - 23 = -l + 23. What is the tens digit of l?
3
Suppose o - 4*o = 2*a - 1080, 0 = 3*a - o - 1620. What is the tens digit of a?
4
Let d be (21/(-15) + 1)*-40. Let s = -11 + d. Suppose -s*m - 115 = -5*p, p - 82 = -3*p + 2*m. What is the tens digit of p?
1
What is the hundreds digit of (-15062)/(-3) - 12/(-36)?
0
Suppose 5*n = 2*x - 190 - 13, 4*x + 4*n - 336 = 0. What is the tens digit of x?
8
Let f be ((-12)/4 - -1)*5/(-2). Suppose -4*h = -n + 4 + 2, -11 = -f*n + h. What is the units digit of n?
2
Suppose 17240 + 4768 = 28*s. What is the units digit of s?
6
Let j(w) = -9 + 8 - 11 + 2*w. What is the tens digit of j(17)?
2
Suppose 10*u - 5*u + 10 = 5*d, 2*u + 4 = -3*d. Suppose d = t - 5*v - 14, 0*t - 5*v - 6 = t. Suppose -q = -4 - t. What is the units digit of q?
8
Let l(w) = -w**3 + 4*w**2 - 3*w + 2. Let a be l(3). Let m be 12/3 - 1*a. Suppose r - 16 = -m*q, -r - 3*q + 6*q = -11. What is the tens digit of r?
1
Let u = 43 + -73. What is the units digit of ((u*14)/3)/(-2)?
0
What is the hundreds digit of (-3)/(0 - (-24)/(-2168))?
2
Suppose -6 - 2 = -4*t. What is the units digit of 22*(t - 0) - -4?
8
Let s be (-676)/(-14) - (-4)/(-14). Let r be s/(-9)*(-18)/(-4). Let w = -13 - r. What is the tens digit of w?
1
Suppose -t - 3*o + 395 = t, 0 = t + 2*o - 195. Suppose 4*h - t - 191 = c, -3*h + 297 = c. What is the tens digit of h?
9
Suppose 3*x + 6 = 2*k + 14, 4*k - 5*x + 12 = 0. Suppose -256 = -6*i + k*i. What is the tens digit of i?
6
Let d(x) be the first derivative of x**4/4 + 2*x**3 - x**2 - 9*x + 3. Suppose 0 = y - 6*y - 30. What is the units digit of d(y)?
3
Let d(c) be the first derivative of 11*c**2/2 + 2*c + 39. Suppose 0 = 4*v - 3 - 5. What is the tens digit of d(v)?
2
Let v(b) = -2*b**3 + 33*b**2 + 23*b - 22. What is the hundreds digit of v(15)?
9
Let l = 141 - 136. Suppose 0 = l*g - 695 - 470. What is the hundreds digit of g?
2
Suppose 154*t = 158*t + 56. Let y(a) = a**3 + 16*a**2 + 9*a - 13. What is the hundreds digit of y(t)?
2
Let q(w) = -115*w - 20. What is the hundreds digit of q(-5)?
5
Let m be -25 + 16 + 0/(-1). What is the tens digit of (-96)/m + 1/3?
1
Let m(v) = -14*v - 10. Suppose -10*i - 10 = 50. What is the units digit of m(i)?
4
Let c be (66/18)/(2/6). Let b = c - 10. Let g(x) = 2*x + 1. What is the units digit of g(b)?
3
Suppose 0*k - k + 24 = 0. Let o = k - 23. What is the tens digit of o - -1 - (-56 - -13)?
4
Let t = -23 - -17. Let k = 23 - t. What is the tens digit of k?
2
Let j(v) = -195*v - 176. What is the thousands digit of j(-8)?
1
Let s(n) = -2*n - 8. Let f be s(-4). Suppose 3*v + k = -f*v + 461, k = -v + 155. What is the hundreds digit of v?
1
Let l(i) = i - 1. Let m(s) = -s**2 - 12*s - 3. Let p(r) = -3*l(r) - m(r). Let f = 17 - 26. What is the units digit of p(f)?
6
Let z(r) = -r**2 + 2*r + 2. Let i be z(3). Suppose 157 = 4*m + 49. Let j = m - i. What is the tens digit of j?
2
What is the thousands digit of (-196)/5*(-3 - (-763)/(-14))?
2
Suppose -2*u - 2*u = -20. Suppose u*p = 8 + 2. Suppose 2*c + 4*a - 94 = 0, 2*a - p = -4. What is the units digit of c?
9
Let y(l) = -4*l + 15. Let b be y(9). Let c be (-3)/(-9) - b/(-9). What is the units digit of (-6 + 7)/(c/(-14))?
7
Let t(o) = 24*o + 198. What is the tens digit of t(9)?
1
Suppose 0 = -2*q + z + 508, -3*z - 1272 = -20*q + 15*q. What is the units digit of q?
2
Let d(k) = -k**3 - k**2 + 8*k + 8. Let z(s) = -s**2 - 3*s - 8. Let r be z(-2). What is the tens digit of d(r)?
4
Let l(f) = f**3 - 23*f**2 - 3*f - 9. What is the tens digit of l(24)?
9
Let v be ((-42)/(-9))/(-2)*(-1 - -4). Let u(x) = -17*x - 18. What is the hundreds digit of u(v)?
1
What is the units digit of (-2)/(-20) - (-10469)/10?
7
Let i(b) = -2*b - 14. Let f be i(-10). Let h(y) = -y**2 + 2*y - 6. Let a be h(f). What is the tens digit of 4/(-30) + (-454)/a?
1
Let u = -283 - -187. Let p = -11 - u. What is the tens digit of p?
8
Suppose -4*a + 4 = -0*a. What is the tens digit of -1 - a - (4 - 117)?
1
Suppose 5*i = -4 + 14. Suppose i*q = v - 66, -2*q = 4*v - 286 + 2. What is the tens digit of v?
7
Let l = 5 - 0. Let v = l - -81. Let m = v + -43. What is the units digit of m?
3
Let o be (-1 + 2)/(3/(-6)). What is the units digit of (-15)/(-2)*o/(-3)?
5
What is the units digit of 2/3*(-12903)/(-46)?
7
Let r be (2 + (-25)/15)*18. What is the tens digit of 29 + 2 + (3 - r)?
2
Let f(k) = -3*k**3 - 20*k**2 + 18*k + 20. What is the hundreds digit of f(-9)?
4
Let s(j) = -j**2 + j - 2. Let g be s(12). Let t = g + 224. Suppose -q + 37 = 3*y, -y = 4*y - 4*q - t. What is the units digit of y?
4
Let k(h) = 83*h**2 + 23*h + 129. What is the thousands digit of k(-5)?
2
Let m(u) = -u**2 + 5*u + 16. Let h be m(7). Suppose c - 73 = h*s, 0 = c - 2*c + 3*s + 70. What is the tens digit of c?
7
Let n be (-4)/(-6)*(-174)/(-4). Suppose -5*d + 25 = -3*h, 5*h + n = 5*d - 6. Suppose r = d*b - 0*b - 49, r = -3*b + 81. What is the tens digit of b?
2
Let l be 8 - 305 - (1 + -2). Let z = 528 + l. Suppose -4*d = 36 - z. What is the units digit of d?
9
Let v(r) = -r**3 + 12*r**2 - 12*r + 15. Let x be v(11). Suppose -z = x*z - 5*j + 60, -4*z = 3*j + 13. Let g = -4 - z. What is the units digit of g?
3
Let o(u) = -u**3 + 17*u**2 - 22*u - 5. Let v(x) = -x**3 + 17*x**2 - 21*x - 4. Let z(f) = 2*o(f) - 3*v(f). What is the units digit of z(16)?
0
Suppose 4*x = 2*r - 552, -5*r - 127 = -3*x + 4*x. What is the tens digit of (-1)/(1/x) + -4?
3
Let g(p) = p**3 - 11*p**2 + 15*p - 121. What is the hundreds digit of g(12)?
2
Let r be ((23 + -1)/(-2))/(6/(-138)). Suppose -r = -10*i - i. What is the units digit of i?
3
Let h = 156 + 286. What is the units digit of h?
2
Let i be ((-90)/(-12))/((-12)/(-8)). What is the units digit of (-8)/60*i - (-512)/3?
0
Suppose -4*b + 1779 = -5*x, 3*b + 4*x - 2*x = 1317. What is the tens digit of b?
4
Suppose -t + 3*g + 9 = 0, -1 - 4 = -t - g. What is the units digit of t?
6
What is the units digit of (136/102)/(4/345)?
5
Let p = -11 + 14. Suppose -5*u = -m + 2*m - 25, -15 = p*u. What is the units digit of m?
0
Let j = -322 - -607. What is the hundreds digit of j?
2
Let x(u) = 14*u**2 - 2*u + 6. What is the units digit of x(6)?
8
Let j be ((-92)/4 - -3) + 2. What is the units digit of (-922)/j + 6/(-27)?
1
What is the units digit of (-3144)/(-18) + 2/6 + 2?
7
Let q = 0 - -6. What is the units digit of (16/q)/((21/(-54))/(-7))?
8
Suppose i - 21*i + 125420 = 0. What is the hundreds digit of i?
2
Let m = -18 - -15. Let u be m*12*6/9. What is the units digit of (-8)/1*u/12?
6
Let v = 9 - -28. Suppose -30*t + 31*t - v = 0. What is the units digit of t?
7
Suppose -5*i + 102 = -3*w, -3*i - 5 = -2*w - 66. Let k = i - 2. What is the tens digit of k*1 + 36/12?
2
Let u(i) = 7*i**2 + 20*i - 267. What is the thousands digit of u(13)?
1
Suppose 0 = 2*f - 3*f - 20. Let c = 84 + f. What is the tens digit of c?
6
Let m be 18*-6*(-2)/4. Suppose -i - 165 = 2*i - 5*f, -i = -2*f + m. Let l = -18 - i. What is the units digit of l?
2
Suppose 4 = -3*s + 3*d - 8, -4 = 4*s - d. Let g = 18 + s. Suppose -g = -5*c - c. What is the units digit of c?
3
What is the hundreds digit of (7 - 10)/(1774/1780 - 1)?
8
Suppose 8*y - 13*y - 10 = 0. What is the units digit of (-4 - 2/(-1)) + (-330)/y?
3
Suppose 0 = 4*y - y. Suppose y = 12*m - 667 - 1637. What is the units digit of m?
2
Suppose -9*p + 3*p = -2424. What is the